)*2 - 6). Suppose q = -q + 8, 3*q = -w*j + 222. Calculate the greatest common divisor of 56 and j.
14
Suppose -17122 + 3522 = -20*q. What is the greatest common factor of 34 and q?
34
Let f = 3 + 0. Let w(r) = 2*r**2 - 3*r - 2. Let s be w(f). Let j = 61 - 12. Calculate the greatest common factor of j and s.
7
Let c = 9 - 2. Suppose c*l = 12*l + 780. Let j = -86 - l. Calculate the greatest common factor of 14 and j.
14
Suppose 17*q - 1322 = -200. Suppose 4*x - 2 - 42 = 0. What is the greatest common divisor of x and q?
11
Suppose -21*w = -27*w + 1512. Let u be (-4)/16*0 - -36. Calculate the highest common divisor of w and u.
36
Let p(m) = 6*m**2 + 7*m - 27. Let y be p(6). What is the highest common divisor of 385 and y?
77
Let i(k) = 2*k**3 - 22*k**2 + 6*k - 90. Let n be i(15). Calculate the greatest common factor of n and 25.
25
Let y be 34/6 - (-13)/(-39)*-1. Calculate the highest common divisor of 501 and y.
3
Let a(p) = p**2 + 22*p + 39. Suppose -g - 88 = 6*o - 2*o, o + 2*g + 29 = 0. Let m be a(o). Calculate the highest common divisor of m and 48.
6
Let b = 657 + -514. Calculate the greatest common factor of b and 22.
11
Suppose 4*s - 325 = -s. Suppose -5*w + 10 = 3*o + 54, 3*o = -w - 64. Let m = s + o. Calculate the greatest common divisor of 6 and m.
6
Suppose -3*k = -7 - 2, -5*q + 2*k + 14 = 0. Calculate the highest common factor of q and 148.
4
Let a be (-28)/154*-22 + 46 + 2. What is the greatest common divisor of a and 1326?
26
Suppose 14 + 46 = 5*v. Let h(c) = -5*c + 19. Let t(s) = 11*s - 38. Let i(u) = 9*h(u) + 4*t(u). Let j be i(v). What is the highest common divisor of j and 56?
7
Let v(k) = k**2 - 10*k + 6. Let y be v(11). Suppose 0*h + h - i = 6, -4*h - 3*i + y = 0. Suppose c - h - 1 = 0. Calculate the greatest common factor of c and 6.
6
Let h(n) = -1 - 8 - 4*n + 0 + 3*n**2 + 0. Let i be h(7). What is the highest common factor of i and 22?
22
Suppose 0 = 3*b - 80 - 52. Let y be 15*(-3 + b/12). What is the greatest common divisor of 10 and y?
10
Suppose -5*h + 15 = -0*h. Suppose 0 = -3*r + 2*d + 13, h*d = 5*r - 2*r - 12. Suppose r*m = 3*m + 24. Calculate the highest common divisor of m and 18.
6
Suppose 0 = j - 6 - 0. Let r be 12*((-16)/6 + 3). Calculate the greatest common factor of j and r.
2
Let s = -32 - -37. Suppose -4*x = -4*y, 3*x + 5 = -y + s*y. Let z be 0 + -1 + 0 + 11. Calculate the highest common factor of z and x.
5
Let a(d) = 11*d**3 + 1. Let g be a(1). Suppose -4*k + 9*k - 130 = 4*j, -4*k = -j - 115. Let q be (-5)/k*-8*36. Calculate the greatest common divisor of q and g.
12
Let t = -2 - -42. Let j = 25 + -25. Let p be 3 - (12/(-4) + j + 1). Calculate the highest common factor of t and p.
5
Suppose 76 = 4*o - 3*z - 307, 0 = -o + 2*z + 102. Calculate the greatest common factor of 46 and o.
46
Let d(v) = v**3 + 6*v**2 - 6*v - 7. Let l be d(-5). Let h = l + -40. Calculate the highest common factor of 1 and h.
1
Let a = 506 + 519. Calculate the greatest common divisor of a and 25.
25
Let p(s) = 29*s**2 - 11*s - 12. Let j be p(-1). Calculate the highest common divisor of j and 126.
14
Let v(d) = -68 + 69 + d**2 + 0*d**2. Let y be v(2). Let l be 4/10 - (-58)/y. Calculate the highest common factor of l and 8.
4
Let p = 8 - -8. Suppose 8*u - 17 = -1. Suppose -3*r + 880 = u*r. Calculate the greatest common factor of p and r.
16
Let q(o) = -5*o - 11. Let s be q(-8). Let z(b) = b**3 - b**2 + 4*b - 1. Let d be z(3). Calculate the highest common divisor of d and s.
29
Let c(y) = -y**3 - 3*y**2 + 9. Let m be c(0). Calculate the greatest common divisor of m and 333.
9
Let w be (5828/752)/(2/32). Calculate the highest common divisor of 1612 and w.
124
Let g(z) = -17*z - 13. Let n be g(7). Let v be (1 - 2)/(2/n). Suppose 0 = -3*c + 6*c - 66. What is the highest common factor of c and v?
22
Let c(k) = k + 1. Let v be c(-1). Suppose v = h - 0 + 5. Let i = -3 - h. Calculate the highest common factor of 22 and i.
2
Let v = -3001 + 3100. Let g(y) = -2*y + 3. Let i = 3 - 6. Let k be g(i). What is the greatest common factor of v and k?
9
Suppose -5*x + 8 = -4*y, -2*x + 5 = -4*y + 3*y. Let o be 246/y + (8/(-2))/2. Calculate the greatest common factor of 16 and o.
16
Let m be 598/4 + (-3)/6. Let v = m - 98. Let n be (-7)/((-28)/16) - -13. Calculate the greatest common factor of v and n.
17
Let k = -1325 - -1365. Calculate the highest common divisor of 110 and k.
10
Suppose p + p = 100. Suppose c - p = 50. What is the greatest common divisor of 40 and c?
20
Suppose 20 = 3*q - w, q = 3*q + 2*w. Suppose 4*c + 78 = -g - c, -q*g = c + 390. Let n = 118 + g. What is the highest common factor of 16 and n?
8
Suppose k - 23 = -c, -k - 9*c + 23 = -6*c. What is the highest common factor of k and 46?
23
Let n(a) = a**2 + 4*a. Let d be n(-5). Suppose 8 = -4*p - d*h - 9, -2*p + 2*h + 14 = 0. Let j be (1/p)/(2/24). Calculate the greatest common divisor of j and 3.
3
Suppose y - f + 4 - 3 = 0, -4*f + 36 = 4*y. Suppose 0 = -y*n + n. Suppose n*j - 4*j + 320 = 0. What is the greatest common divisor of 16 and j?
16
Let l = 0 - -4. Suppose i - l*i + 21 = 0. What is the greatest common factor of i and 1?
1
Let j = 2 - -2. Suppose 0 = -h + 4*h + 18. Let r be 90/(-12)*8/h. Calculate the highest common divisor of r and j.
2
Let z be -1 - -1*(0 - -2). Suppose 3*k = -2*k + c + 5, 0 = -k - c + 7. Let g be (k/3)/((-4)/(-6)). Calculate the greatest common divisor of z and g.
1
Suppose -5*k + 260 = 5*z, k + 52 = -4*z + 5*z. Let q be 18/(-12)*(-8)/(-6). Let c(y) = -6*y + 1. Let f be c(q). Calculate the greatest common factor of f and z.
13
Let d = -209 - -286. What is the greatest common factor of d and 55?
11
Let m(u) = 179*u - 103. Let q be m(1). What is the highest common divisor of q and 95?
19
Let u(m) = -189*m**3 + m**2 - 25*m - 25. Let b be u(-1). What is the highest common divisor of b and 30?
10
Let n(r) = r**3 + 6*r**2 - r - 2. Let g be n(-6). Let j be (-28)/(-8) - (-2)/(-4). Let f be (84/(-9))/((-1)/j). Calculate the greatest common factor of f and g.
4
Suppose -4*l + 24 = -84. Let q = 54 - l. Suppose 0 = -x - q + 93. What is the highest common factor of x and 6?
6
Let m(x) = x**2 + 12*x + 39. Let f be m(-5). Calculate the highest common factor of f and 9.
1
Let k = 184 - 37. What is the highest common divisor of k and 98?
49
Let g be 12/4 - (2 - 2). Suppose u - g*l = l + 9, -5*u - 2*l = -45. Let b = 17 - u. What is the greatest common factor of 8 and b?
8
Let a be 2*(-1)/(-2) + (-31 - -69). What is the highest common divisor of a and 572?
13
Let t be ((-38)/4)/((-2)/8). Let h = t - 30. What is the highest common factor of h and 2?
2
Suppose 2*u = -2*x + u + 179, u - 3 = 0. What is the highest common factor of x and 330?
22
Let z = -67 - -94. Calculate the highest common factor of z and 297.
27
Let x be (30/7)/(-3*(-6)/(-252)). Let s = 120 + x. What is the highest common divisor of s and 40?
20
Let j = -4 + 7. Suppose 25 = q + j. Suppose -172 = -4*n - 164. What is the highest common factor of q and n?
2
Suppose -5*j + 235 = 145. What is the greatest common factor of j and 414?
18
Let w(q) = -q**2 - 16*q - 25. Let d be w(-13). Suppose d + 18 = 4*j. Let z(m) = m + 4. Let g be z(4). What is the greatest common divisor of j and g?
8
Suppose -40*b - 5082 = -51*b. Suppose -2*y + 2*c - 134 = -5*y, -5*y + 5*c = -190. Calculate the highest common divisor of y and b.
42
Let r be -16*7*(-8)/32. Calculate the greatest common divisor of 6 and r.
2
Suppose k + 4 = 2*c - 4, -3 = -c + k. Suppose 3*b - 2*s + c*s = 30, 4*b + 3*s = 45. Calculate the greatest common divisor of 6 and b.
3
Let v be 17/10*14 - 5/(-25). Calculate the greatest common divisor of 312 and v.
24
Let o be (-36)/24*(-8)/3. Let a be ((-21)/o)/((-22)/16 + 1). Calculate the greatest common factor of 21 and a.
7
Let g = 98 - 12. Let m = 131 - g. What is the greatest common divisor of 15 and m?
15
Let r be (-476)/(-52) + (-3)/(-117)*-6. Calculate the greatest common factor of r and 423.
9
Let m be (5152/(-21))/((-4)/6). Calculate the greatest common divisor of m and 23.
23
Let p = 474 + -439. What is the greatest common divisor of p and 385?
35
Let x = -7 + 20. Let g = 1 + x. Let l(q) = 36*q - 62. Let z be l(6). Calculate the highest common divisor of z and g.
14
Let z(d) = d**2 - 3*d + 2. Let o be z(3). Let 